
315b8
In base 13, what is -4a + 66a15?
66998
In base 7, what is -16606165 + 101?
-16606064
In base 2, what is 1111010110111101001 + -1111?
1111010110111011010
In base 14, what is -17b - 325b?
-33d8
In base 6, what is -44 + 23440533?
23440445
In base 11, what is 222681815 - -2?
222681817
In base 3, what is -110010102210012 - 0?
-110010102210012
In base 10, what is 13 + -8123441?
-8123428
In base 4, what is 201121 - -2013100311?
2013302032
In base 8, what is -4 - -113260755?
113260751
In base 3, what is 1012022001 + -110112?
1011211112
In base 5, what is 12210020402 - -1?
12210020403
In base 5, what is 42441023241 - -14?
42441023310
In base 6, what is -1 - -10135100323?
10135100322
In base 9, what is -17 + -12857658?
-12857676
In base 9, what is -4121337 + 6?
-4121331
In base 2, what is 10011110 - -10110001011000100?
10110001101100010
In base 8, what is -1070525 + -2333?
-1073060
In base 13, what is 61b - 5a2c3?
-599a5
In base 3, what is -10202 + 1102121200?
1102110221
In base 13, what is 2 - -a13160?
a13162
In base 3, what is 2 - 2101122212121?
-2101122212112
In base 6, what is -334514 - 424?
-335342
In base 5, what is -41 + -100343144411?
-100343200002
In base 7, what is -4 - -3552035202?
3552035165
In base 16, what is -31e71cd + 3?
-31e71ca
In base 12, what is 5 - -11315b21?
11315b26
In base 13, what is -2033a4 + 33?
-203371
In base 9, what is -235648 + -2?
-235651
In base 13, what is -5 - 821a86?
-821a8b
In base 8, what is 114 - 601631?
-601515
In base 16, what is 80e + -160?
6ae
In base 2, what is -10001111000000 - -1001000010011?
-1000110101101
In base 4, what is -20133 - -303301110?
303220311
In base 15, what is -1b - -32e56?
32e3a
In base 2, what is -100000001110 - -11000001111?
-111111111
In base 12, what is 1945 - 40901?
-3ab78
In base 9, what is 7356412 - -3?
7356415
In base 15, what is -993774 + -b?
-993780
In base 5, what is 21021222100 + 4?
21021222104
In base 10, what is -17 - 2320613?
-2320630
In base 7, what is -25601 + -1323?
-30224
In base 13, what is -21510bc + 16?
-21510a6
In base 16, what is 20908 + -82?
20886
In base 11, what is -5 + 5663984?
566397a
In base 3, what is 211121111 + -11202200?
122211211
In base 6, what is -243022 + 2124?
-240454
In base 15, what is 14c3c + -ab?
14b81
In base 6, what is 4 + 30330054?
30330102
In base 16, what is -85e4b + -10?
-85e5b
In base 7, what is -31205250366 - 5?
-31205250404
In base 15, what is -65a4 - -4c?
-6557
In base 10, what is 2 + 25439763?
25439765
In base 8, what is 13712 - -134?
14046
In base 7, what is -40051 + 4266?
-32452
In base 8, what is -22656 + -130542?
-153420
In base 3, what is 0 - 1002001100210?
-1002001100210
In base 5, what is 132303 - -20034?
202342
In base 4, what is -102011 + 22333122?
22231111
In base 6, what is -10 + -114152234?
-114152244
In base 2, what is -100011000100010000011 - -10110?
-100011000100001101101
In base 5, what is -10 - 20443404332?
-20443404342
In base 2, what is 1100111100101010010111010 - -10?
1100111100101010010111100
In base 6, what is -25031013 - 15?
-25031032
In base 8, what is -61706 - 1553?
-63461
In base 9, what is -1462765 - 34?
-1462810
In base 16, what is -5f7e - 1cb1?
-7c2f
In base 14, what is 226 - -85?
2ab
In base 5, what is -3110102430 - 10?
-3110102440
In base 15, what is -483e317 - 1c?
-483e334
In base 5, what is 34 - -30214?
30303
In base 13, what is 6b29 + -6c?
6a8a
In base 16, what is -3690 - -290?
-3400
In base 13, what is 1a10c + -987?
19455
In base 11, what is 1992 + -a76?
a17
In base 7, what is 10033410505 - -2?
10033410510
In base 13, what is -4 - -19c412c?
19c4128
In base 16, what is 3e - -6a98?
6ad6
In base 8, what is 2 - -10465161?
10465163
In base 14, what is 26 - 2b8a8?
-2b882
In base 14, what is -2 + 61d92d?
61d92b
In base 7, what is -35264161 - -5?
-35264153
In base 9, what is 2456 + -617?
1738
In base 13, what is -3c7 + 22568?
22171
In base 14, what is -18d34 + -3cca?
-1cc20
In base 15, what is -d42340 + 1?
-d4233e
In base 4, what is 120000 - -10010000?
10130000
In base 9, what is -758230 + 27?
-758202
In base 14, what is 6229c - -2c3?
62581
In base 9, what is 2 + 10288576?
10288578
In base 4, what is 11002020331 + 2?
11002020333
In base 4, what is -3213312000013 + -21?
-3213312000100
In base 2, what is -1000 - 101010101000000111101010?
-101010101000000111110010
In base 10, what is 6870 + -15129?
-8259
In base 7, what is 32326 - 111145?
-45516
In base 3, what is 112 - -2001200121002?
2001200121121
In base 9, what is -387 - 755803?
-756301
In base 11, what is -4 + 29274a7?
29274a3
In base 11, what is 23a6 - 7213a?
-6a844
In base 7, what is -3403 - 1452?
-5155
In base 6, what is -43 - -24313510?
24313423
In base 4, what is 101 - 22013333?
-22013232
In base 10, what is -70 + 1393545?
1393475
In base 3, what is -1111011011221212 + -12?
-1111011011222001
In base 2, what is -1000110011010000001 - 11100100?
-1000110011101100101
In base 11, what is -4082607 + 3?
-4082604
In base 9, what is 1524 + -235421?
-233786
In base 14, what is -1 + -4b560?
-4b561
In base 14, what is 4 + 16ab4582?
16ab4586
In base 14, what is 765603 + -9?
7655d8
In base 2, what is -10101111 + 11101010110100?
11101000000101
In base 4, what is -3 + -10113223333032?
-10113223333101
In base 14, what is 66 - -11420?
11486
In base 7, what is -63 - 40640406?
-40640502
In base 11, what is 23 + 532393?
532406
In base 7, what is -1046221 + 4?
-1046214
In base 11, what is -13932 - -1169?
-12774
In base 8, what is 254033 + 5054?
261107
In base 5, what is -2 + -4034312423?
-4034312430
In base 6, what is 1530 - -2145331?
2151301
In base 15, what is -ca9a1 + -1?
-ca9a2
In base 4, what is 13020 - 133312?
-120232
In base 12, what is 3 + -5145b0b?
-5145b08
In base 2, what is -1111 + -10011001010100?
-10011001100011
In base 8, what is 6 - 6501535?
-6501527
In base 7, what is -56 + -550444?
-550533
In base 3, what is 10 - 1100210111201221?
-1100210111201211
In base 11, what is -264828 + 10?
-264818
In base 2, what is -10011110111110100000100 + 1011101?
-10011110111110010100111
In base 12, what is -1a273a35 - 1?
-1a273a36
In base 12, what is 16ba - -460?
1b5a
In base 2, what is 10000010010111111111000 - -1?
10000010010111111111001
In base 12, what is -3 - -18b6a41?
18b6a3a
In base 5, what is 1134 + 243022?
244211
In base 14, what is 3 - 53d592?
-53d58d
In base 16, what is 9 - 28ec1d?
-28ec14
In base 10, what is 28353175 - -2?
28353177
In base 5, what is -14110110144 + -1?
-14110110200
In base 8, what is 1 + 244543213?
244543214
In base 16, what is -5 - -2d3680?
2d367b
In base 3, what is -222 - -100220000101000?
100220000100001
In base 9, what is 1111 - -1041314?
1042425
In base 9, what is 2 - -2461600?
2461602
In base 6, what is -342221 + -10101?
-352322
In base 6, what is 40 + -2234115?
-2234035
In base 3, what is 101112101 - 101121?
101010210
In base 12, what is -59a06 + 1398?
-5862a
In base 16, what is 446 + -7a946?
-7a500
In base 10, what is -4 - 50815381?
-50815385
In base 8, what is 2 + -162106625?
-162106623
In base 11, what is -45 - 330253?
-330298
In base 5, what is -10 - -2241422313?
2241422303
In base 16, what is 1ad1 + 1ad1?
35a2
In base 4, what is -32211202210 - 13?
-32211202223
In base 12, what is -41 - -1838164?
1838123
In base 11, what is 3284264 - 1a3?
3284071
In base 13, what is -130 - 8abb6?
-8b016
In base 14, what is -2c + 363b0bb?
363b08d
In base 10, what is -5 + 662111?
662106
In base 7, what is 31064 + 5421?
36515
In base 14, what is -1 + 3722c7?
3722c6
In base 11, what is -23 - -102889?
102866
In base 7, what is -3612 - -640105?
633163
In base 15, what is 1821 + -1d32?
-511
In base 11, what is 112548 - -586?
113023
In base 9, what is -527 - 134557?
-135185
In base 2, what is 100101111110000 - 101110001111?
100000001100001
In base 2, what is -10 - 11000010110010100010010?
-11000010110010100010100
In base 10, what is -644316 + 300?
-644016
In base 9, what is 6 - -6436423?
6436430
In base 13, what is -6a2932 - 4?
-6a2936
In base 16, what is a7dae206 + -3?
a7dae203
In base 8, what is -651440 - 7122?
-660562
In base 12, what is 7049 + -349?
6900
In base 4, what is 133230 - 2022001?
-1222111
In base 4, what is -12010230 - -333213?
-11011011
In base 2, what is -100100010101101100111100 - 101?
-100100010101101101000001
In base 14, what is 4 +